composite?
True
Is 7453049 a prime number?
True
Is 16134577 prime?
True
Is 36264463 prime?
True
Is 39467787 a prime number?
False
Is 19637249 prime?
True
Is 1195522 prime?
False
Is 92606531 composite?
True
Is 445741 composite?
False
Is 2258477 a composite number?
True
Is 92742577 a prime number?
True
Is 282037823 prime?
True
Is 1574803 prime?
False
Is 3005809 prime?
True
Is 191823349 a composite number?
False
Is 16174057 a composite number?
True
Is 6189089 a composite number?
False
Is 173914973 prime?
False
Is 72337359 prime?
False
Is 212238277 a prime number?
True
Is 264166073 prime?
True
Is 1312951 composite?
False
Is 29669933 composite?
False
Is 17793377 prime?
False
Is 24909491 prime?
False
Is 2238227 composite?
True
Is 582182803 prime?
False
Is 17222053 a prime number?
True
Is 26556479 prime?
False
Is 1584383 a prime number?
False
Is 12246943 prime?
True
Is 92198543 a composite number?
False
Is 439704017 prime?
False
Is 10725629 prime?
True
Is 2072683 prime?
True
Is 212516771 a composite number?
False
Is 183269 a composite number?
True
Is 509053 a prime number?
True
Is 6351379 a prime number?
True
Is 214104587 a composite number?
False
Is 921133 composite?
False
Is 1401937 prime?
True
Is 137142331 a composite number?
True
Is 795673 a composite number?
True
Is 4480477 prime?
False
Is 4077849 a composite number?
True
Is 141684187 a composite number?
True
Is 3691299 prime?
False
Is 6526477 a composite number?
True
Is 611350053 composite?
True
Is 328926967 composite?
False
Is 14455631 a prime number?
True
Is 97706119 composite?
True
Is 102641399 composite?
True
Is 1091831413 composite?
True
Is 133688897 prime?
True
Is 18042893 prime?
False
Is 2686207 composite?
False
Is 19546831 a composite number?
True
Is 4211861 a composite number?
False
Is 216955 prime?
False
Is 4044673 composite?
True
Is 872801 prime?
False
Is 86621527 a prime number?
False
Is 200959 composite?
True
Is 241391365 a prime number?
False
Is 6542279 prime?
True
Is 18633973 a prime number?
False
Is 38968921 a prime number?
True
Is 259879 a prime number?
False
Is 154124323 a composite number?
False
Is 1401751 composite?
True
Is 23464445 prime?
False
Is 730123 a prime number?
False
Is 509119259 composite?
True
Is 19888507 a composite number?
True
Is 1690891 composite?
True
Is 114477919 a prime number?
True
Is 216159557 prime?
True
Is 76235143 a composite number?
False
Is 74392301 a composite number?
False
Is 1334453 a composite number?
False
Is 1560686 a prime number?
False
Is 19270835 composite?
True
Is 1407533 a prime number?
True
Is 21152657 a composite number?
False
Is 13503929 composite?
True
Is 1276861 prime?
True
Is 2027534 a composite number?
True
Is 197364227 prime?
False
Is 5149763 composite?
False
Is 66609131 prime?
True
Is 209302871 a prime number?
True
Is 38544833 composite?
True
Is 114219749 a prime number?
False
Is 67076643 prime?
False
Is 42193219 prime?
True
Is 435101 a composite number?
True
Is 113771509 prime?
True
Is 164041 a prime number?
False
Is 13644469 prime?
False
Is 11033251 prime?
True
Is 5701277 prime?
False
Is 13398859 composite?
False
Is 250339 composite?
True
Is 26448283 composite?
False
Is 52602103 a prime number?
False
Is 31712591 a prime number?
True
Is 1752119 a prime number?
True
Is 14300701 a prime number?
False
Is 6791503 a prime number?
True
Is 4283993 prime?
False
Is 18045035 a composite number?
True
Is 123247181 composite?
False
Is 7517095 a prime number?
False
Is 16526 a prime number?
False
Is 103242569 prime?
False
Is 1863401 a prime number?
True
Is 881141173 a prime number?
False
Is 247505443 a prime number?
True
Is 204251 a prime number?
True
Is 615761891 composite?
False
Is 16002538 prime?
False
Is 202214317 prime?
True
Is 5808487 prime?
True
Is 3253163 prime?
False
Is 15014767 a composite number?
True
Is 505151221 a prime number?
True
Is 17395611 a prime number?
False
Is 926437 composite?
False
Is 26308259 a composite number?
True
Is 113586037 a composite number?
False
Is 1690187 a prime number?
True
Is 32450153 a composite number?
False
Is 1606529 a prime number?
True
Is 602783 composite?
True
Is 976019 a composite number?
True
Is 2081267 a prime number?
True
Is 52183279 prime?
True
Is 2384423 a prime number?
False
Is 790313 composite?
True
Is 12000299 a composite number?
True
Is 30185321 a composite number?
False
Is 201338393 composite?
True
Is 160967 prime?
True
Is 9689947 a prime number?
False
Is 26499587 a composite number?
True
Is 8738251 a composite number?
True
Is 9635713 a composite number?
True
Is 51657031 prime?
False
Is 277094771 prime?
False
Is 74816233 composite?
False
Is 521038187 a prime number?
True
Is 22102511 composite?
True
Is 2062339 a prime number?
True
Is 24437 a prime number?
False
Is 1806229 composite?
True
Is 934801061 a composite number?
False
Is 553326811 composite?
False
Is 3078431 composite?
False
Is 186400517 a prime number?
True
Is 2234093 composite?
True
Is 18579329 a composite number?
False
Is 21777905 a prime number?
False
Is 79106587 prime?
False
Is 8402443 composite?
True
Is 18906769 prime?
False
Is 109672517 composite?
False
Is 4035121 prime?
True
Is 1209180565 prime?
False
Is 2508971 composite?
False
Is 154296715 a composite number?
True
Is 25655117 composite?
False
Is 4468121 composite?
True
Is 57895699 a composite number?
False
Is 4216027 prime?
True
Is 452285879 a prime number?
False
Is 5087569 a prime number?
True
Is 1811729 composite?
True
Is 6437623 a prime number?
False
Is 96839 prime?
False
Is 5571511 composite?
True
Is 255363 composite?
True
Is 14853077 prime?
True
Is 88553371 prime?
True
Is 1931 a prime number?
True
Is 598061599 composite?
True
Is 466101073 a composite number?
False
Is 1944763 composite?
False
Is 28389701 a composite number?
False
Is 1202137 composite?
True
Is 272801138 prime?
False
Is 346586329 prime?
True
Is 67364833 prime?
True
Is 4357703 prime?
False
Is 19655239 prime?
False
Is 295144529 composite?
True
Is 55741607 a prime number?
False
Is 13381597 prime?
True
Is 21885293 composite?
True
Is 66731699 prime?
True
Is 31935643 a composite number?
False
Is 2170083 a prime number?
False
Is 1067083 composite?
False
Is 101573421 prime?
False
Is 5563055 a composite number?
True
Is 353911753 prime?
False
Is 44777 prime?
True
Is 1422749 a composite number?
False
Is 8982497 a prime number?
False
Is 1346497 a composite number?
True
Is 248176711 prime?
True
Is 19007447 composite?
True
Is 286382449 prime?
False
Is 4917721 a prime number?
True
Is 9733901 composite?
False
Is 52829017 a composite number?
False
Is 42508901 prime?
True
Is 10896203 a prime number?
True
Is 2395655 a composite number?
True
Is 287114383 a composite number?
True
Is 17999773 composite?
True
Is 5871259 a prime number?
True
Is 4294945 a prime number?
False
Is 11368457 prime?
True
Is 17275361 composite?
False
Is 381196265 prime?
False
Is 1824005 prime?
False
Is 3333829 prime?
False
Is 70236847 a prime number?
False
Is 22048639 a prime number?
True
Is 68054933 composite?
False
Is 60182897 a composite number?
True
Is 45200731 a composite number?
False
Is 4671647 a composite number?
False
Is 1778531 a prime number?
True
Is 10847 a prime number?
True
Is 12466217 a composite number?
True
Is 2017177 a composite number?
False
Is 120423001 composite?
True
Is 1667129 a composite number?
True
Is 63901027 prime?
True
Is 7387285 a composite number?
True
Is 97242493 composite?
True
Is 3781367 a prime number?
True
Is 347579 composite?
False
Is 21292729 a prime number?
True
Is 1080119 a prime number?
True
Is 57463517 composite?
False
Is 303409 a prime number?
True
Is 3389 a composite number?
False
Is 21143609 a composite number?
False
Is 955853111 composite?
False
Is 15956989 composite?
True
Is 67451 a composite number?
True
Is 293823118 a prime number?
False
Is 58901939 a prime number?
True
Is 3071609 prime?
False
Is 29497813 a composite number?
False
Is 214453 a composite number?
True
Is 99961097 prime?
True
Is 199246037 prime?
False
Is 29199199 composite?
False
Is 510536749 a prime number?
True
Is 3740699 a composite number?
True
Is 12539585 a composite number?
True
Is 44612507 composite?
False
Is 766235 prime?
False
Is 749839 composite?
True
Is 9930793 composite?
True
Is 10895047 composite?
False
Is 10578637 compos